 49?
7
Suppose 0*p - p = 0. Let y = p + 6. What is the greatest common divisor of y and 6?
6
Suppose -2*m - 4*c + 24 = 0, 0*m + c = 3*m - 57. Calculate the greatest common divisor of 36 and m.
18
Suppose -5*m - 31 = d - 0*d, 5*m = 3*d - 27. Let x be (3 - -27)*(-2)/m. What is the highest common divisor of 70 and x?
10
Suppose 2*h - 24 = -0*h + 5*v, 0 = -2*h + 2*v + 36. Let a = h - -2. Calculate the highest common divisor of 60 and a.
12
Let w = -5 - -4. Let z be -6*w/(-3)*-1. Suppose -5*d + 15 = 0, z*j - 4*d - 4 = -2. Calculate the greatest common factor of 77 and j.
7
Let i be (-608)/(-44) + (-2)/(-11). Suppose -s - 30 = -100. What is the greatest common factor of s and i?
14
Let y(x) = 8*x - 19*x - 8 + x**2 + 6*x. Let r be y(8). Let d be 4/(-10) + 486/15. Calculate the greatest common factor of d and r.
16
Suppose -2*q = 2*q - 172. What is the highest common divisor of q and 86?
43
Suppose -7*o + 10 = -2*o. Let p(k) = -1 - 2 + k + 3*k. Let q be p(o). What is the highest common divisor of 5 and q?
5
Let x be (-16)/(-6)*(-90)/(-8). Suppose -j + x = 4*j. Calculate the highest common factor of j and 42.
6
Let s(n) = -n**2 + 2. Let g be s(0). Suppose -3*d - 2*k + 76 = 0, -5*d + g*k + 131 = k. What is the highest common divisor of 286 and d?
26
Let m(l) = 45 - 2*l**2 - 3*l**3 - l + l**3 + l**2 + 3*l**3. Let a be m(0). What is the greatest common divisor of 15 and a?
15
Suppose 3*g - v = -2*g + 2, 3*g - 2*v + 3 = 0. Let p = 10 - 9. Let z be 6/(p/1 + 1). What is the greatest common factor of g and z?
1
Suppose 3*o - 4*n - 189 = 0, -2*n + 368 = 5*o + 27. Suppose 31 = -2*z - o. Let s be 1 - z*(3 - 2). What is the greatest common factor of 10 and s?
10
Suppose 0 = q + 3*q - 252. What is the highest common factor of q and 9?
9
Let s(z) = z**3 - 6*z**2 + 3*z + 2. Let c be s(6). Let y(f) = 9*f**3 - 4*f**2 + 4*f + 1. Let r be y(3). Calculate the greatest common factor of c and r.
20
Let i be (0*(-2)/4)/(-3). Suppose 5*s + 2*a = i, -2*a = -3*s - a. Suppose s = -2*y + 76 - 4. Calculate the greatest common factor of 18 and y.
18
Suppose -3*j + 2*z + 58 = 2*j, -2*j - 4*z = -28. Calculate the highest common divisor of 4 and j.
4
Suppose -6*c + c = -5*n, -5*n = c. Let p(i) = -i**2 + 6. Let u be p(c). What is the highest common factor of 9 and u?
3
Let w(r) = 12*r - 5. Let k be w(4). Suppose -2*t - k = -3. Let d = t - -170. Calculate the greatest common divisor of 15 and d.
15
Let r = -11 - -26. Suppose 2*h - 4*i = 6*h + 16, 5*h - 2*i - r = 0. Calculate the highest common divisor of 1 and h.
1
Suppose 4*d - 17 = 43. Suppose 4*n - y - 744 = 618, 4*y - 1713 = -5*n. Let p = n + -236. What is the greatest common factor of p and d?
15
Let i be (-4)/12 + 200/6. Suppose 4*k - i = 127. What is the greatest common divisor of 60 and k?
20
Suppose -2*m + 4*o = -48, 2*m - 2*o - 23 = 25. Let b be -1*1*m/(-1). Suppose -5*y = -39 - 41. Calculate the greatest common factor of b and y.
8
Let b(r) = r**2 - 3*r - 3. Let u be b(6). Let z be 1 - 2 - 2 - -78. What is the highest common factor of u and z?
15
Suppose 0 = 2*h + 5*l - 47, -25 = -4*h + 3*h - 3*l. Calculate the greatest common divisor of h and 24.
8
Suppose -28 = -3*f - 13. Suppose -f*t + 60 = -0*t. Calculate the greatest common factor of 3 and t.
3
Suppose -l = -45 - 12. Suppose -m + 5*r = -3, r + 3*r + l = 5*m. Calculate the greatest common divisor of 26 and m.
13
Let o(l) = l**3 + 5*l**2 - 9*l - 11. Let w be o(-5). What is the highest common divisor of 238 and w?
34
Suppose 2*l - l - 4 = 0. Suppose 8 = -l*p + 44. What is the greatest common divisor of p and 90?
9
Suppose 0 = 2*u - 3*w + 1, 0 = 5*u + 2*w - 4 - 3. What is the highest common factor of u and 11?
1
Let g(f) = 8*f. Let c be g(1). Let z = 11 - c. Calculate the highest common divisor of z and 3.
3
Let s(g) be the first derivative of -23*g**4/2 - g + 1. Let k be s(-1). What is the highest common divisor of k and 5?
5
Let o(d) = -d**2 + 1. Let h(m) = -7*m**2 - m + 83. Let a(j) = h(j) - 6*o(j). Let i be a(0). Calculate the greatest common factor of 7 and i.
7
Let l be 40 - (-4)/(-1 + 3). Calculate the greatest common factor of 14 and l.
14
Let q(z) = z**2 + 8*z - 14. Let a(i) = i**2 + 4*i - 7. Let p(n) = 5*a(n) - 2*q(n). Let g be p(5). What is the greatest common divisor of g and 11?
11
Let d = -16 - -25. Suppose -2*f = -3*u + 295, 128 + 267 = 4*u - f. What is the highest common divisor of d and u?
9
Let l(a) = -a**2 - 16*a + 19. Let s be l(-13). Calculate the highest common factor of 29 and s.
29
Suppose 3 = -s - 0, 5*s - 37 = -4*y. What is the highest common factor of 104 and y?
13
Let x(z) = -33*z + 1. Let l be x(-1). Let n = l + -17. Let m be 6/(-9) + n/3. Calculate the highest common divisor of 20 and m.
5
Let i = 14 - 8. Calculate the greatest common factor of i and 24.
6
Suppose -47 = -4*c - 3*y, c = -c - 2*y + 26. Let g(o) = 13*o + 4. Let h be g(4). Calculate the greatest common divisor of c and h.
8
Let c = -8 + 0. Let f be (-122)/c + (-2)/8. What is the greatest common factor of 150 and f?
15
Suppose 5*q - 14 = 1. Suppose 0 = -4*p + 5 + 3. Suppose 1 - 3 = -p*n. Calculate the greatest common divisor of n and q.
1
Suppose 0 = -9*w + 5 + 22. Let z(a) = a**2 + 4*a. Let o be z(-7). Calculate the highest common factor of w and o.
3
Let t(q) = -q + 8. Let y be t(-9). Calculate the highest common factor of y and 119.
17
Let h = 454 - 323. Let a = h + -71. Let u be 2/(-4)*-34 - 2. What is the greatest common divisor of u and a?
15
Suppose 0 = 4*y - 7*y - 3*t + 1413, -2*y - 3*t + 943 = 0. What is the greatest common divisor of y and 47?
47
Let o be ((-76)/6)/(2/(-12)). Suppose 4*y + 8 = o. Suppose 4*x - 19 - y = 0. What is the highest common divisor of x and 99?
9
Let u be 1/(-4) + (-500)/(-80). What is the highest common divisor of u and 6?
6
Let g be 42/(-5)*(-85)/34. Calculate the highest common factor of g and 14.
7
Let c(i) = i**3 - 2*i**2 - 3*i. Let q be c(3). Suppose q = d + 2*d - 27. Calculate the highest common divisor of 3 and d.
3
Suppose 4*n - 4 = -0. Let w = 9 - n. Let h be 5/((-5)/(-74)) + (8 - 10). What is the highest common factor of w and h?
8
Suppose 6 = 3*t + 4*m, 4*t = 2*t + 4*m + 24. Calculate the highest common factor of 12 and t.
6
Suppose 3*y - 5 = 4. Suppose d = -2*q + 19, -2*q = q + d - 28. What is the highest common factor of q and y?
3
Let g(v) = 50*v**2. Let h be g(-1). Suppose -23 = -4*f + 57. What is the highest common factor of h and f?
10
Let b be 1*15*(-8)/(-6). Let p = 194 + -54. What is the greatest common factor of p and b?
20
Suppose 1 = k - 14. Let j be ((-6)/k)/(1/(-35)). What is the greatest common divisor of 42 and j?
14
Suppose -3*f = -5*k + 110, 66 = 3*k + 3*f + 2*f. Suppose z + k = 270. What is the highest common factor of z and 31?
31
Let m be 1/((0 + -1)/(-11)). Suppose -66 = -5*d - m. What is the highest common factor of d and 44?
11
Suppose -2*o - 15 = 3*o. Let g(h) = -3*h + 2. Let k be g(o). Let r be (-2)/(-6) + (-64)/(-6). Calculate the highest common divisor of r and k.
11
Let b = -499 + 337. Let q(y) = -y**3 + 6*y**2 - y - 2. Let a be q(7). Let r = a - b. What is the greatest common factor of r and 13?
13
Suppose f = 5*f + 5*j - 4, 3*j + 6 = -f. Suppose 367 = 3*k - 2*n, -476 = -4*k - f*n + 2*n. Calculate the greatest common factor of 11 and k.
11
Let x(j) = 17*j**2 + 4*j + 3. Suppose -4*y + 6 = -w - 0*w, -3*y - 5 = 4*w. Let d be x(w). Let l = 103 - d. What is the highest common divisor of 10 and l?
10
Suppose t = 27 + 1. Let r = 103 - t. Calculate the greatest common factor of 50 and r.
25
Suppose 3 = 3*b + 4*r, -2*b + 4*b + 4*r - 2 = 0. Let o be 4 - -1 - b*3. Let v be ((-3)/(-6))/(o/4). Calculate the highest common divisor of v and 2.
1
Let t(a) be the second derivative of 143*a**4/12 - a**3/6 - a**2/2 - 3*a. Let g be t(-1). Calculate the highest common factor of 13 and g.
13
Let l be (-2 - -9)/(1/(-6)). Let w be ((-9)/4)/(l/448). What is the greatest common divisor of 3 and w?
3
Suppose -3*h - 6 = -21. Suppose -3*x + 69 = h*p - 53, 0 = -4*p + 5*x + 68. Calculate the highest common divisor of p and 2.
2
Suppose -637 = 4*v - 0*t - t, v - 3*t + 173 = 0. Let w = -91 - v. Suppose -5*o - 2*k = -16 - 55, 4*k = -5*o + w. Calculate the highest common factor of o and 3.
3
Suppose -2*p + 3 + 5 = 0. Suppose -p*d = -42 